c. Give m(y).
-3
Let p(z) = z**2 + z + 2. Let y(v) = -160*v**2 + 79*v**2 - 5 - 3*v + 79*v**2. Let u(d) = -5*p(d) - 2*y(d). What is u(-2)?
-6
Let z(n) = -423 + n**2 + 6*n + 208 + 219. What is z(-5)?
-1
Let c(f) = f**2 - 7*f + 4. Suppose -g - 5*j - 25 - 21 = 0, -2*g - 92 = -4*j. Let b = -39 - g. What is c(b)?
4
Let d(l) = -34*l - 1. Suppose -5*r + r = -2*c + 10, -3*r - 5 = c. Determine d(c).
-35
Suppose 2 = 3*o - 2*o. Let d(k) = -6 + 5*k + o*k**2 - k**2 + 0. Suppose 12 = 4*p - 6*p. Determine d(p).
0
Let z(m) = 8*m + 2. Let u = -202 - -199. Calculate z(u).
-22
Let w = -393 + 395. Let l(h) be the second derivative of 0 + 1/6*h**3 - 1/6*h**4 + 1/20*h**5 - 7*h - 1/2*h**w. Give l(1).
-1
Let b(i) = i**2 + 10*i - 5. Let k be (-2 - 21 - 1) + -2. Let s = -37 - k. Let f be b(s). Let l(m) = 2*m - 3. Calculate l(f).
9
Let i(x) = x**3 + 14*x**2 - 13*x + 35. Let z be i(-15). Let s(h) = h**3 - 6*h**2 - 2*h + 7. Calculate s(z).
-28
Let n(g) = -12*g**3 - 14*g**2 + 6*g + 29. Let i(c) = 7*c**3 + 7*c**2 - 4*c - 15. Let k(a) = -7*i(a) - 4*n(a). Determine k(8).
-43
Let v(p) = -16*p**3 - 10*p**2 - 14*p + 20. Let o(i) = -13*i**3 - 11*i**2 - 14*i + 19. Let f(r) = -5*o(r) + 4*v(r). Give f(-14).
-15
Let i(j) be the second derivative of 11*j**5/20 + j**3/3 - j**2/2 - 93*j. Determine i(1).
12
Let t(s) be the first derivative of -2*s**2 - 9*s + 306. Give t(-3).
3
Let o be (6/12)/((-2)/(-96)). Let x = o + -19. Let s(y) = 9*y**3 - y**2 + 7*y + 7. Let k(w) = 5*w**3 - w**2 + 4*w + 4. Let z(u) = x*k(u) - 3*s(u). Give z(-2).
9
Suppose 5*t - 6 = -2*o + 6*o, -t + 14 = -4*o. Let k = 2 - t. Let h(b) = 4*b**2 + 4*b**2 - 4*b + 5 + 7*b**2 - 14*b**2. What is h(k)?
5
Let x be 7/9 - (-4)/18. Let o(l) be the second derivative of 0 + 1/2*l**2 - 1/3*l**3 + l - 13/12*l**4. What is o(x)?
-14
Suppose 5*v - 3 - 5 = 2*z, 4*v + 12 = -3*z. Let y(s) = -s + 1. Determine y(z).
5
Suppose 0 = -2*u - 10, -2*r - 3*u = 7 + 34. Let i = r - -16. Let d(f) = f**i - 3*f**2 + 0 - 3 + 0. Determine d(3).
-3
Suppose -15 = 11*x - 16*x. Let m(h) = 4*h**2 - x*h**2 + 212*h + 3 - 213*h. Determine m(0).
3
Let y(j) = -j**3 + 10. Suppose 7*a + 8*a = 4*a. Calculate y(a).
10
Let q(a) = -2*a. Let x(i) = 19*i**2 - 7*i - 1. Let y(v) = -3*q(v) + x(v). What is y(-1)?
19
Suppose -20 = -3*f - 2. Let v(w) = w - 3. What is v(f)?
3
Let w(f) be the third derivative of 11*f**4/24 - 2*f**3 - 8*f**2. Let y(t) = t**2 + t - 1. Let k(x) = w(x) - y(x). What is k(9)?
-2
Suppose 2*o - 328 = 10*o. Let b = -42 - o. Let f(l) = 3*l + 1. Calculate f(b).
-2
Let f be (-20)/(-6) - (-42)/63. Suppose 0 = f*v - 6*v + 6, -5*b + 5*v - 5 = 0. Suppose b*c = -3 + 11. Let p(u) = u**3 - 3*u**2 - 3*u - 2. Give p(c).
2
Let j(c) = -c**3 + 9*c**2 - 8*c - 9. Suppose 38 = 5*v + t, 2*v + 2*v + 3*t = 26. Give j(v).
-9
Let f(a) = 2010*a**2 + 11*a - 1001*a**2 - 1008*a**2 + 1 - 4*a. What is f(-8)?
9
Let w(m) = m**3 - 10*m**2 - 7*m + 5. Let s(i) = i**2 - 1. Let y(c) = 6*s(c) + w(c). Give y(5).
-11
Suppose -2*j - 52*h + 55*h = -23, 5*h = -5*j - 5. Let i(p) be the third derivative of 13/60*p**5 + 0*p**3 + p**2 + 0*p + 0 + 0*p**j. Give i(-1).
13
Suppose -31*t = -13*t - 90. Let w(h) be the third derivative of 1/8*h**4 + 0 + 2*h**2 - 1/30*h**t + 0*h - 1/2*h**3. Give w(2).
-5
Let t = -8 - -43. Let i = 16 - t. Let k = -24 - i. Let x(z) = z**2 + 6*z + 1. Give x(k).
-4
Let b(s) = -s + 1. Let j(l) = -l**2 + 2*l. Let g(a) = -6*b(a) + j(a). Let x(r) = -r**3 + 4*r**2 + 3*r - 4. Let m be x(4). What is g(m)?
-6
Let k(s) = 2*s**2 - 2*s + 1. Suppose 2*u = 2*l + 8, -5*l - u + 2*u - 28 = 0. Let n be 54/(-12)*4/l. What is k(n)?
13
Let a be ((-4)/8)/(2/(-12)). Let t(y) = -2*y + 7. Give t(a).
1
Let f(n) = n**3 - 5*n**2 + 3*n - 2. Let v be f(4). Let h = -8 - v. Let a(d) = -7*d - 14. Let z(c) = -7*c - 11. Let r(g) = 3*a(g) - 4*z(g). What is r(h)?
-12
Let s(a) = -a**2 + 2*a + 5. Let z(y) = -5*y - 15. Let g = -28 + 24. Let u be z(g). Calculate s(u).
-10
Let f(o) = -82*o**2 - 23 + 25 + o + 81*o**2. Suppose 0 = -s + 3*y + 7, 2*y = -s - y + 25. Suppose -2*d = q - 3*d, -5*q - 3*d + s = 0. Determine f(q).
0
Let c(q) = -q**2 - 5*q - 3. Let o = 1 - -3. Suppose -6*y = 28 - o. Determine c(y).
1
Let h(t) = -t**2 - 7*t - 11. Let x = 837 + -843. Determine h(x).
-5
Let k be (-3 + 1)*5/2. Let o(s) = s**3 - 7*s**2 + 4*s + 6. Let l = 21 - 19. Let v(h) = 3*h**3 - 15*h**2 + 9*h + 13. Let t(q) = l*v(q) - 5*o(q). Determine t(k).
6
Let k be (96/(-42))/(22/77). Let d(p) = p**3 + 7*p**2 - 11*p + 2. Calculate d(k).
26
Let i(c) = -c - 432 + 2*c + 0*c**2 + 439 - 4*c - 6*c**2 - c**3. Give i(-5).
-3
Let b = -1 - -5. Let w(z) = 3*z + b*z + 5*z**2 - 6*z**2 - 2. Let n be w(7). Let l(y) = -3*y - 2. Determine l(n).
4
Let v(n) = n**2 - 5*n - 2. Let u = -12 + 9. Let z(l) = l**3 + 3*l**2 - l + 2. Let w be z(u). Suppose -25 = -4*c - w. Determine v(c).
-2
Let z(d) be the third derivative of d**5/60 + 11*d**4/24 + d**3/6 - 3*d**2 + 4*d. What is z(-10)?
-9
Let j(i) = -i**2 + 7*i. Let t be 2*(7/2 + 2). Let b(v) = -v - t + 0*v + 7. Let s be b(-10). Calculate j(s).
6
Let s be (32/(-20))/((-6)/15). Let t be (-3)/(-2 + (5 - s)). Let x be (1/2)/(t/18). Let p(k) = -k**3 + 3*k**2 + k - 1. What is p(x)?
2
Let c(t) = 6 + t**3 - 8 + 3*t + 4*t**3. Let o be c(1). Let b(q) = q**2 - 5*q + 2. Give b(o).
8
Let z be (0/(-4 + -1))/(-2 - -7). Let c(w) = -7*w**2 + 3*w - 31. Let a(t) = 3*t**2 - t + 15. Let g(p) = -5*a(p) - 2*c(p). Give g(z).
-13
Let m(r) = r**2 - 2*r + 2. Suppose -7*i = -9*i. Suppose i = 8*n - 3*n - 5. Suppose n = o - 1. Determine m(o).
2
Let j be (-5)/35 - 282/(-14). Let d be 5/(j/8)*-1. Let f(l) = -l - 2. Determine f(d).
0
Let n = -295 - -292. Let v(d) = 1 + 6*d**2 + 0*d**3 + 2*d**3 - 4*d**2 - d**3. Determine v(n).
-8
Let f(a) be the first derivative of 0*a - 1/30*a**5 - 2 + 0*a**2 - 3/8*a**4 + 2/3*a**3. Let l(v) be the third derivative of f(v). Give l(-6).
15
Let u(z) = -7*z - 6*z**2 + 0*z**3 - z**3 - 29 + 24. Calculate u(-5).
5
Let y(z) be the first derivative of 2*z**3 + z**2 + z - 1/4*z**4 - 10. Give y(6).
13
Let g = 0 - -3. Let k(f) = -f**3 - 2*f**2 - f - 8. Let c(x) = 2*x**3 + 8. Let v(r) = c(r) + k(r). Determine v(g).
6
Suppose 3*r = 5*r - 24. Let q be 27/6 - r/8. Let c(j) = j**3 - 3*j**2 + 2. Give c(q).
2
Suppose 0 = o + 2*o - 33. Suppose 2 = -12*a + o*a. Let p(g) = g**3 + 2*g**2 + 2*g + 1. Calculate p(a).
-3
Let b(x) = 9*x**3 - 2*x**2 + x. Let f = 19 - 8. Let c = f - 5. Let j be (4/(-8))/((-3)/c). Calculate b(j).
8
Let r(w) = -2*w**2 + 2*w - 2. Let c(l) = -3*l**2 + 7*l - 12. Let o(f) = c(f) - 2*r(f). Determine o(-4).
-4
Let j(f) be the second derivative of 8*f + 2*f**2 + 0 - 1/6*f**3. Determine j(-3).
7
Let f(t) = -t**2 - t. Let u(v) = v**3 - 2*v**2 + 2*v + 2. Let p be u(2). Let y(k) = -6*k**2 - 7*k. Let b(j) = p*y(j) - 42*f(j). Let n = 101 + -100. Give b(n).
6
Let z(m) = 5*m**2 + 34*m + 49. Let t be z(-5). Let a(d) be the second derivative of d**3/6 - 5*d**2/2 - 2*d. Calculate a(t).
-1
Let y(w) = w + 28. Let h be y(-18). Suppose -34*c = -32*c + h. Let x(t) = 4*t + 0*t**2 + 0 + 2 + t**2. Determine x(c).
7
Let w(p) = -7*p**2 - 12*p + 1. Let v(a) = -4*a**2 - 6*a. Let n(y) = -5*v(y) + 3*w(y). Let t = -106 + 101. What is n(t)?
8
Let y be (1 + 3)/(2 + -3). Let s be (0 - y)/(-1 - -3). Suppose -2*f + 0*f + s = 0. Let q(d) = -9*d + 1. What is q(f)?
-8
Let f be ((-2 - 3) + 5)*-1. Suppose 10*p - 4*p - 42 = f. Let c(s) = -2*s + 5. Calculate c(p).
-9
Suppose -4*r + 2 + 2 = -4*q, -3*r = -4*q - 3. Suppose 2 = m - q*m. Let k(f) = 26 - 22 + 0*f**2 + m*f + f**2. Calculate k(-3).
7
Let h(f) be the third derivative of f**5/60 - 5*f**4/24 - f**3/3 + 265*f**2. Calculate h(6).
4
Let q(k) = -3*k - 8. Suppose -30 = -3*t + 4*t. Let z be (23 - -1) + (-1 - -1). Let n = t + z. Calculate q(n).
10
Let g(i) be the third derivative of -i**5/60 - 5*i**4/12 - 10*i**3/3 + 105*i**2 - 1. Give g(-9).
-11
Let j(k) = k. Let o be j(8). Let r(p) = 11 + 2*p - 18 - 4*p + o. Determine r(-1).
3
Let g(b) = -b**3 - 28*b**2 - 2*b - 20. Let x be g(-28). Suppose 23*s - x = 27*s. Let k(n) = -n**2 - 8*n + 13. Calculate k(s).
4
Let p(c) = 6*c**2 - 2*c - 5. Let v be p(4). Let h = -88 + v. Let d(n) = n**3 + 3*n**2 - 4*n + 7. Calculate d(h).
-23
Let p(g) = 5*g - 1. Let d(v) = -v**2 - 6*v + 33. Let h be d(-9). Suppose 2*q + h*l = l + 3, 3*l = -3*q. What is p(q)?
-6
Let n(g) be the secon